Let x(d) = -d**2 + 10*d. Suppose -4*q + 416 = 5*i, -4*i - 367*q = -369*q - 312. Calculate the remainder when i is divided by x(7).
17
Suppose -9 + 1 = 2*c. Suppose 5*h = -3*g + 145, 11*h + 4*g = 15*h - 116. Calculate the remainder when h is divided by 2/(-4)*5*c.
9
Let p = -43 - -53. Calculate the remainder when (2 - -84)/(-4 - (-44)/p) is divided by 12.
11
Let l(i) = i**3 - 46*i**2 + 48*i - 99. Let a be l(45). Suppose -10*h - 1846 = -a*h. What is the remainder when 135 is divided by h?
64
Let p = -247 - -251. Suppose 2*v - 93 = -f - 23, p*v = 20. Calculate the remainder when 70 is divided by f.
10
Suppose -p + 3*v = -239, -4*p + 4*v + 476 = -2*p. Suppose -6 + 350 = 3*s - n, -4*n - p = -2*s. Calculate the remainder when s is divided by 23.
22
Suppose 4*m + 27 - 187 = 0. Suppose 5*y = 5*d + 6*y - 1575, -4*d + 1244 = 4*y. Calculate the remainder when d is divided by m.
36
Let l(x) = -x**2 + 36*x + 40*x - 62*x - 3. Let j(t) = -16*t. Calculate the remainder when j(-3) is divided by l(13).
8
Suppose -23*b + 19730 = 5079. Calculate the remainder when b is divided by 35.
7
Let t = 1406 + -608. What is the remainder when t is divided by 135?
123
Let j(g) = -23*g + 3. Let b = -42306 + 42329. Calculate the remainder when j(-4) is divided by b.
3
Let b(a) = 2*a**2 + 12*a + 5. Let g be b(-7). Let p = g - -121. What is the remainder when p is divided by 36?
32
Let x = -214 - -217. Suppose -2*o = -x*t + 27, 2*t - 9 = 5*o - 2. Calculate the remainder when 20 is divided by t.
9
Let v(k) = -2*k**3 - 10*k**2 - 10*k - 7. Calculate the remainder when v(-6) is divided by ((-160)/45)/((-44)/396).
29
Let u be (2/4)/(((-18)/200)/(-9)). Suppose -f + 14 = -0*n + n, 30 = 2*f + 3*n. What is the remainder when f is divided by u/8 + (-3)/12?
0
Suppose 5*l + 176 - 601 = 0. Calculate the remainder when l is divided by (-38908)/(-1562) - (30/(-55))/6.
10
Let p = 35255 - 35180. What is the remainder when 261 is divided by p?
36
Calculate the remainder when 378 is divided by (3/(-6))/((525/(-10890))/35).
15
Suppose -1743*l = -1728*l - 1305. Let m(w) = -2*w - 8. What is the remainder when l is divided by m(-26)?
43
Let s be -9 - (-256572)/162 - 2/(-9). Suppose -12*z + s = 9*z. Suppose 5 - 31 = -2*w. What is the remainder when z is divided by w?
10
Calculate the remainder when (68 - 2) + (75 - 75) is divided by 46.
20
Suppose -12*m = -62953 + 62845. What is the remainder when 2796 is divided by m?
6
What is the remainder when -7 - (-128)/18 - 1295/(-9) is divided by 29?
28
Let j(u) = -3*u - 14. Let g be j(-5). Let m = 53 - 31. What is the remainder when (5 - -35 - -3)/g is divided by m?
21
Suppose -1068*s = -1072*s + 444. Calculate the remainder when 1103 is divided by s.
104
Suppose y - 13 = -3*z, -4*z = -9*y + 10*y - 18. Let s(a) = 3*a - 1 + 3*a**2 + 4 + 2. Calculate the remainder when 21 is divided by s(y).
10
Let p = 15075 - 15027. What is the remainder when 194 is divided by p?
2
Calculate the remainder when 538*((-243)/18 + 14) is divided by 119.
31
Suppose 0 = -7*i + 138 - 82. Let w = 6 + -4. Suppose -w*u + i = 4*s, 3 = 5*u - u - 5*s. What is the remainder when u is divided by 2?
0
Suppose 3*l - 2*l - 2 = 0. Calculate the remainder when 389/(-778) - (-100)/8 is divided by l.
0
Suppose 0 = -9*z + 4*z - 35. Let j(h) = -h**3 - 8*h**2 - 8*h + 9. Let b be j(z). Suppose w - b = 7. Calculate the remainder when w is divided by 5.
3
Let k = -2229 + 2206. Suppose 0*s + 4*p + 49 = s, 0 = -2*s - 2*p + 78. Let a = k + s. Calculate the remainder when a is divided by 6.
0
Let f = -53 - -84. Suppose -a + 5*i - f = -12, -3*a - 19 = 4*i. Calculate the remainder when 53 is divided by (33/a + 4)*3 + 13.
11
Let x = -95 + 115. Let i = -31 + 84. Calculate the remainder when i is divided by x.
13
Suppose -3*p + 707 = -4*t, -51*t - 1185 = -5*p - 46*t. What is the remainder when p is divided by 7?
3
What is the remainder when 738 is divided by (-3 - (-2)/10)*(2 - (13 - -4))?
24
Calculate the remainder when 340 is divided by ((-8)/12)/((-27)/(40257/14)).
56
Let q(x) = -223*x - 382. What is the remainder when q(-3) is divided by 101?
85
Let o(i) = i**2 - 50*i - 291. Calculate the remainder when o(59) is divided by 133.
107
Let d = -3404 + 3502. Calculate the remainder when 101 is divided by d.
3
Let y(z) = -276*z - 2956. What is the remainder when 1194 is divided by y(-15)?
10
Suppose 0*j + 4*r = -5*j + 936, -2*r = 2*j - 374. Calculate the remainder when j is divided by 42.
20
Let q = 13977 + -13845. Calculate the remainder when 936 is divided by q.
12
Let m = 545 + -305. Suppose m = 4*v + 192. Calculate the remainder when 683 is divided by v.
11
Let m = -634 + 258. Let o = m - -414. What is the remainder when 70 is divided by o?
32
Let i = 24 - -32. Suppose 3*n + 16*p - 17*p - i = 0, 3*p + 16 = n. Calculate the remainder when 53 is divided by n.
15
Suppose 0 = 148*w - 53*w - 2945. What is the remainder when 466 is divided by w?
1
Suppose 0 = -51*q + 40293 + 182284 + 79292. What is the remainder when q is divided by 42?
39
Let d(a) = -a**2 + 39*a + 10. What is the remainder when 357 is divided by d(39)?
7
Suppose -184*q - 18367 = -71791 - 19808. Calculate the remainder when q is divided by 43.
11
Calculate the remainder when 1792 is divided by ((-6)/(-4) - 1)*(938 + 824).
30
Let o(t) = -t**3 + 8*t**2 - 12*t + 4. Let m be o(6). Suppose -4 = -4*b, 5*b = -m*u + 2*b + 223. Calculate the remainder when u is divided by (1 - -17) + -1 + 0.
4
Suppose -3193 + 4277 = 4*q. What is the remainder when q is divided by 16?
15
Calculate the remainder when 517 is divided by 13 + -18 - (-176 - 0/2).
4
Suppose -5*q = -2*q - 246. Let y be ((-4)/6)/((8/369)/(-8)). Let a = -218 + y. Calculate the remainder when q is divided by a.
26
Let m(f) = 50*f**2 - 792*f + 3182. What is the remainder when 838 is divided by m(4)?
24
Suppose 0 = 5*l - 3*i - 12, 4*i = -3*l - l + 16. Suppose -b + 2*b - 4*q - 33 = 0, -2*b - l*q = -33. What is the remainder when 41 is divided by b?
20
Let k(f) = 6*f - 50. Let q(p) = 1. Let m(j) = -k(j) + 5*q(j). What is the remainder when m(8) is divided by 5?
2
Let f = -13 - 29. Let h = f + 70. Let o = h + -18. Calculate the remainder when 37 is divided by o.
7
Suppose 0 = 2*v - 4*v + 8. Suppose -1228 = -v*z + 20. Suppose 2*b + 82 = z. What is the remainder when b is divided by 20?
15
Let m(i) = 5*i + 27. Let w(j) = 5*j + 28. Let c(f) = 5*m(f) - 4*w(f). Let l be (28/(-8) + 1/1)/((-107)/214). What is the remainder when 191 is divided by c(l)?
47
Suppose -9 = 4*x + 5*q - 1, 0 = x - 5*q - 23. Suppose -2*t - 3*s - 37 = -t, 5*t + 131 = x*s. What is the remainder when 97 is divided by (t/3)/((-6)/9)?
13
Let y = -373 + 289. Let t = y - -133. Let o = 47 - 34. Calculate the remainder when t is divided by o.
10
Suppose -4*i + 7*i - 85*i + 12464 = 0. What is the remainder when 3033 is divided by i?
145
Suppose 4*p = 3*p. Suppose p = -4*x - t + 129, -5*x + 16*t + 159 = 18*t. What is the remainder when 196 is divided by x?
31
Let r(j) = -3*j - 9. Let i(w) = w**2 - 15*w - 11. Let u be i(12). Let x = u - -54. What is the remainder when r(-7) is divided by x?
5
Suppose 4*b + 2*o = 2862, 5*b + 50*o - 55*o - 3585 = 0. What is the remainder when b is divided by 186?
158
Let l = 18 - -30. Let y be (4/(-3))/((-16)/l). Suppose -v - 64 = -y*x, -2*x - 101 = -7*x - 4*v. Calculate the remainder when 50 is divided by x.
16
Let b = 600 + -822. Calculate the remainder when 412 is divided by 417/18 + 37/b.
21
Let v(z) = -16*z + 1339. Let x(d) = 13*d**2 + 3*d + 3. Calculate the remainder when x(-2) is divided by v(82).
22
Suppose g + 11 = r + 115, 0 = -4*g - r + 416. Let n = g + -24. What is the remainder when n is divided by 30?
20
Let t be -27*(-1)/(-2)*-2. Let p = t + -11. What is the remainder when p is divided by (-2 + (5 - 2))*(-2 - (2 - 9))?
1
Let x(d) = 83*d - 1028. Calculate the remainder when x(15) is divided by 90.
37
Suppose -q + 4*j + 86 = 0, -5*j = -q - 2*j + 84. What is the remainder when 2802 is divided by q?
72
Suppose 4*m + 2*i = 2217 + 529, -3*i = 3. Calculate the remainder when m is divided by 16.
15
Let k = 40846 - 40842. Let f(a) = -a**3 + 2. Calculate the remainder when f(-2) is divided by k.
2
Suppose -467 = -3*k - 23. Calculate the remainder when k is divided by 4/35 + -5*18/(-315) + 5364/90.
28
Let d(u) =